{"id":628,"date":"2009-02-21T15:50:45","date_gmt":"2009-02-21T14:50:45","guid":{"rendered":"http:\/\/www.choye.fr\/?page_id=628"},"modified":"2019-04-02T14:18:42","modified_gmt":"2019-04-02T13:18:42","slug":"limp","status":"publish","type":"page","link":"http:\/\/www.choye.fr\/?page_id=628","title":{"rendered":"L&rsquo;IMP"},"content":{"rendered":"<p style=\"text-align: justify;\"><a href=\"http:\/\/www.choye.fr\/wp-content\/uploads\/2013\/01\/imp.jpg\"><img decoding=\"async\" loading=\"lazy\" class=\"alignleft size-thumbnail wp-image-3459\" title=\"imp\" src=\"http:\/\/www.choye.fr\/wp-content\/uploads\/2013\/01\/imp-120x90.jpg\" alt=\"\" width=\"120\" height=\"90\" \/><\/a>L&rsquo;institut M\u00e9dico-p\u00e9dagogique \u00ab\u00a0L&rsquo;Amiti\u00e9\u00a0\u00bb de Choye est un \u00e9tablissement sp\u00e9cialis\u00e9. Il accueille une soixantaine de filles et gar\u00e7ons \u00e2g\u00e9s de 6 \u00e0 14 ans en internat ou internat am\u00e9nag\u00e9. Il propose un accompagnement p\u00e9dagogique, \u00e9ducatif et param\u00e9dical adapt\u00e9s aux besoins de chaque enfant.<\/p>\n","protected":false},"excerpt":{"rendered":"<p>L&rsquo;institut M\u00e9dico-p\u00e9dagogique \u00ab\u00a0L&rsquo;Amiti\u00e9\u00a0\u00bb de Choye est un \u00e9tablissement sp\u00e9cialis\u00e9. Il accueille une soixantaine de filles et gar\u00e7ons \u00e2g\u00e9s de 6 \u00e0 14 ans en internat ou internat am\u00e9nag\u00e9. Il propose un accompagnement p\u00e9dagogique, \u00e9ducatif et param\u00e9dical adapt\u00e9s aux besoins de &hellip; <a href=\"http:\/\/www.choye.fr\/?page_id=628\">Continuer la lecture <span class=\"meta-nav\">&rarr;<\/span><\/a><\/p>\n","protected":false},"author":258,"featured_media":0,"parent":11,"menu_order":0,"comment_status":"closed","ping_status":"closed","template":"","meta":{"ngg_post_thumbnail":0},"post_mailing_queue_ids":[],"_links":{"self":[{"href":"http:\/\/www.choye.fr\/index.php?rest_route=\/wp\/v2\/pages\/628"}],"collection":[{"href":"http:\/\/www.choye.fr\/index.php?rest_route=\/wp\/v2\/pages"}],"about":[{"href":"http:\/\/www.choye.fr\/index.php?rest_route=\/wp\/v2\/types\/page"}],"author":[{"embeddable":true,"href":"http:\/\/www.choye.fr\/index.php?rest_route=\/wp\/v2\/users\/258"}],"replies":[{"embeddable":true,"href":"http:\/\/www.choye.fr\/index.php?rest_route=%2Fwp%2Fv2%2Fcomments&post=628"}],"version-history":[{"count":6,"href":"http:\/\/www.choye.fr\/index.php?rest_route=\/wp\/v2\/pages\/628\/revisions"}],"predecessor-version":[{"id":6671,"href":"http:\/\/www.choye.fr\/index.php?rest_route=\/wp\/v2\/pages\/628\/revisions\/6671"}],"up":[{"embeddable":true,"href":"http:\/\/www.choye.fr\/index.php?rest_route=\/wp\/v2\/pages\/11"}],"wp:attachment":[{"href":"http:\/\/www.choye.fr\/index.php?rest_route=%2Fwp%2Fv2%2Fmedia&parent=628"}],"curies":[{"name":"wp","href":"https:\/\/api.w.org\/{rel}","templated":true}]}}