{"id":28,"date":"2008-06-06T14:41:19","date_gmt":"2008-06-06T13:41:19","guid":{"rendered":"http:\/\/tsaillard.free.fr\/wordpress\/?page_id=49"},"modified":"2019-04-02T14:18:18","modified_gmt":"2019-04-02T13:18:18","slug":"comptes-rendus","status":"publish","type":"page","link":"http:\/\/www.choye.fr\/?page_id=28","title":{"rendered":"Comptes-rendus"},"content":{"rendered":"<p>Vous trouverez ici les comptes-rendus des <strong>conseils municipaux<\/strong> ainsi que ceux issus des diverses <strong>commissions<\/strong> municipales.<\/p>\n<p>il y a actuellement <strong>78 fichiers<\/strong> dans cette rubrique.<\/p><br><h2 id=\"downloadcat-1\"><a href=\"http:\/\/www.choye.fr\/downloads\/?rest_route=%2Fwp%2Fv2%2Fpages%2F28&dl_cat=1\" title=\"View all downloads in conseil municipal\">conseil municipal<\/a><\/h2><p><img src=\"http:\/\/www.choye.net\/wp-content\/plugins\/wp-downloadmanager\/images\/pdf.gif\" alt=\"\" title=\"\" style=\"vertical-align: middle;\" \/>&nbsp;&nbsp;<strong><a href=\"http:\/\/www.choye.fr\/?dl_id=86\">CM du 29 07 2021<\/a><\/strong><br \/><strong>&raquo; 547,1 KiB - 768 t\u00e9l\u00e9chargement(s) - 29 juillet 2021<\/strong><br \/><\/p><p><img src=\"http:\/\/www.choye.net\/wp-content\/plugins\/wp-downloadmanager\/images\/pdf.gif\" alt=\"\" title=\"\" style=\"vertical-align: middle;\" \/>&nbsp;&nbsp;<strong><a href=\"http:\/\/www.choye.fr\/?dl_id=85\">CM du 01 07 2021<\/a><\/strong><br \/><strong>&raquo; 422,0 KiB - 744 t\u00e9l\u00e9chargement(s) - 1 juillet 2021<\/strong><br \/><\/p><p><img src=\"http:\/\/www.choye.net\/wp-content\/plugins\/wp-downloadmanager\/images\/pdf.gif\" alt=\"\" title=\"\" style=\"vertical-align: middle;\" \/>&nbsp;&nbsp;<strong><a href=\"http:\/\/www.choye.fr\/?dl_id=84\">CM du 01 04 2021<\/a><\/strong><br \/><strong>&raquo; 607,0 KiB - 730 t\u00e9l\u00e9chargement(s) - 1 avril 2021<\/strong><br \/><\/p><p><img src=\"http:\/\/www.choye.net\/wp-content\/plugins\/wp-downloadmanager\/images\/pdf.gif\" alt=\"\" title=\"\" style=\"vertical-align: middle;\" \/>&nbsp;&nbsp;<strong><a href=\"http:\/\/www.choye.fr\/?dl_id=83\">CM du 18 03 2021<\/a><\/strong><br \/><strong>&raquo; 423,9 KiB - 760 t\u00e9l\u00e9chargement(s) - 18 mars 2021<\/strong><br \/><\/p><p><img src=\"http:\/\/www.choye.net\/wp-content\/plugins\/wp-downloadmanager\/images\/pdf.gif\" alt=\"\" title=\"\" style=\"vertical-align: middle;\" \/>&nbsp;&nbsp;<strong><a href=\"http:\/\/www.choye.fr\/?dl_id=82\">CM du 04 03 2021<\/a><\/strong><br \/><strong>&raquo; 406,6 KiB - 705 t\u00e9l\u00e9chargement(s) - 4 mars 2021<\/strong><br \/><\/p><p><img src=\"http:\/\/www.choye.net\/wp-content\/plugins\/wp-downloadmanager\/images\/pdf.gif\" alt=\"\" title=\"\" style=\"vertical-align: middle;\" \/>&nbsp;&nbsp;<strong><a href=\"http:\/\/www.choye.fr\/?dl_id=81\">CM du 04 02 2021<\/a><\/strong><br \/><strong>&raquo; 675,1 KiB - 726 t\u00e9l\u00e9chargement(s) - 4 f\u00e9vrier 2021<\/strong><br \/><\/p><p><img src=\"http:\/\/www.choye.net\/wp-content\/plugins\/wp-downloadmanager\/images\/pdf.gif\" alt=\"\" title=\"\" style=\"vertical-align: middle;\" \/>&nbsp;&nbsp;<strong><a href=\"http:\/\/www.choye.fr\/?dl_id=80\">CM du 03 12 2020<\/a><\/strong><br \/><strong>&raquo; 438,8 KiB - 732 t\u00e9l\u00e9chargement(s) - 3 d\u00e9cembre 2020<\/strong><br \/><\/p><p><img src=\"http:\/\/www.choye.net\/wp-content\/plugins\/wp-downloadmanager\/images\/pdf.gif\" alt=\"\" title=\"\" style=\"vertical-align: middle;\" \/>&nbsp;&nbsp;<strong><a href=\"http:\/\/www.choye.fr\/?dl_id=79\">CM du 22 10 2020<\/a><\/strong><br \/><strong>&raquo; 510,0 KiB - 675 t\u00e9l\u00e9chargement(s) - 22 octobre 2020<\/strong><br \/><\/p><p><img src=\"http:\/\/www.choye.net\/wp-content\/plugins\/wp-downloadmanager\/images\/pdf.gif\" alt=\"\" title=\"\" style=\"vertical-align: middle;\" \/>&nbsp;&nbsp;<strong><a href=\"http:\/\/www.choye.fr\/?dl_id=78\">CM du 24 09 2020<\/a><\/strong><br \/><strong>&raquo; 822,9 KiB - 667 t\u00e9l\u00e9chargement(s) - 24 septembre 2020<\/strong><br \/><\/p><p><img src=\"http:\/\/www.choye.net\/wp-content\/plugins\/wp-downloadmanager\/images\/pdf.gif\" alt=\"\" title=\"\" style=\"vertical-align: middle;\" \/>&nbsp;&nbsp;<strong><a href=\"http:\/\/www.choye.fr\/?dl_id=77\">CM du 10 07 2020<\/a><\/strong><br \/><strong>&raquo; 417,7 KiB - 673 t\u00e9l\u00e9chargement(s) - 10 juillet 2020<\/strong><br \/><\/p><p><img src=\"http:\/\/www.choye.net\/wp-content\/plugins\/wp-downloadmanager\/images\/pdf.gif\" alt=\"\" title=\"\" style=\"vertical-align: middle;\" \/>&nbsp;&nbsp;<strong><a href=\"http:\/\/www.choye.fr\/?dl_id=76\">CM du 18 06 2020<\/a><\/strong><br \/><strong>&raquo; 625,3 KiB - 690 t\u00e9l\u00e9chargement(s) - 18 juin 2020<\/strong><br \/><\/p><p><img src=\"http:\/\/www.choye.net\/wp-content\/plugins\/wp-downloadmanager\/images\/pdf.gif\" alt=\"\" title=\"\" style=\"vertical-align: middle;\" \/>&nbsp;&nbsp;<strong><a href=\"http:\/\/www.choye.fr\/?dl_id=75\">CM du 23 05 20020<\/a><\/strong><br \/><strong>&raquo; 428,3 KiB - 673 t\u00e9l\u00e9chargement(s) - 23 mai 2020<\/strong><br \/><\/p><p><img src=\"http:\/\/www.choye.net\/wp-content\/plugins\/wp-downloadmanager\/images\/pdf.gif\" alt=\"\" title=\"\" style=\"vertical-align: middle;\" \/>&nbsp;&nbsp;<strong><a href=\"http:\/\/www.choye.fr\/?dl_id=67\">CM du 23 05 2020<\/a><\/strong><br \/><strong>&raquo; 333,5 KiB - 1\u00a0213 t\u00e9l\u00e9chargement(s) - 23 mai 2020<\/strong><br \/><\/p><p><img src=\"http:\/\/www.choye.net\/wp-content\/plugins\/wp-downloadmanager\/images\/pdf.gif\" alt=\"\" title=\"\" style=\"vertical-align: middle;\" \/>&nbsp;&nbsp;<strong><a href=\"http:\/\/www.choye.fr\/?dl_id=74\">CM du 13 02 2020<\/a><\/strong><br \/><strong>&raquo; 411,4 KiB - 678 t\u00e9l\u00e9chargement(s) - 13 f\u00e9vrier 2020<\/strong><br \/><\/p><p><img src=\"http:\/\/www.choye.net\/wp-content\/plugins\/wp-downloadmanager\/images\/pdf.gif\" alt=\"\" title=\"\" style=\"vertical-align: middle;\" \/>&nbsp;&nbsp;<strong><a href=\"http:\/\/www.choye.fr\/?dl_id=73\">CM du 06 12 2019<\/a><\/strong><br \/><strong>&raquo; 385,7 KiB - 681 t\u00e9l\u00e9chargement(s) - 6 d\u00e9cembre 2019<\/strong><br \/><\/p><p><img src=\"http:\/\/www.choye.net\/wp-content\/plugins\/wp-downloadmanager\/images\/pdf.gif\" alt=\"\" title=\"\" style=\"vertical-align: middle;\" \/>&nbsp;&nbsp;<strong><a href=\"http:\/\/www.choye.fr\/?dl_id=72\">CM du 17 10 2019<\/a><\/strong><br \/><strong>&raquo; 656,0 KiB - 714 t\u00e9l\u00e9chargement(s) - 17 octobre 2019<\/strong><br \/><\/p><p><img src=\"http:\/\/www.choye.net\/wp-content\/plugins\/wp-downloadmanager\/images\/pdf.gif\" alt=\"\" title=\"\" style=\"vertical-align: middle;\" \/>&nbsp;&nbsp;<strong><a href=\"http:\/\/www.choye.fr\/?dl_id=71\">CM du 27 06 2019<\/a><\/strong><br \/><strong>&raquo; 363,9 KiB - 672 t\u00e9l\u00e9chargement(s) - 27 juin 2019<\/strong><br \/><\/p><p><img src=\"http:\/\/www.choye.net\/wp-content\/plugins\/wp-downloadmanager\/images\/pdf.gif\" alt=\"\" title=\"\" style=\"vertical-align: middle;\" \/>&nbsp;&nbsp;<strong><a href=\"http:\/\/www.choye.fr\/?dl_id=70\">CM du 09 05 2019<\/a><\/strong><br \/><strong>&raquo; 542,1 KiB - 704 t\u00e9l\u00e9chargement(s) - 9 mai 2019<\/strong><br \/><\/p><p><img src=\"http:\/\/www.choye.net\/wp-content\/plugins\/wp-downloadmanager\/images\/pdf.gif\" alt=\"\" title=\"\" style=\"vertical-align: middle;\" \/>&nbsp;&nbsp;<strong><a href=\"http:\/\/www.choye.fr\/?dl_id=69\">CM du 21 03 2019<\/a><\/strong><br \/><strong>&raquo; 405,5 KiB - 703 t\u00e9l\u00e9chargement(s) - 21 mars 2019<\/strong><br \/><\/p><p><img src=\"http:\/\/www.choye.net\/wp-content\/plugins\/wp-downloadmanager\/images\/pdf.gif\" alt=\"\" title=\"\" style=\"vertical-align: middle;\" \/>&nbsp;&nbsp;<strong><a href=\"http:\/\/www.choye.fr\/?dl_id=68\">CM du 07 02 2019<\/a><\/strong><br \/><strong>&raquo; 446,0 KiB - 759 t\u00e9l\u00e9chargement(s) - 7 f\u00e9vrier 2019<\/strong><br \/><\/p><div class=\"wp-pagenavi\">\n<span class=\"pages\">&#8201;Page 1 of 4&#8201;<\/span><span class=\"current\">&#8201;1&#8201;<\/span><a href=\"\/index.php?rest_route=%2Fwp%2Fv2%2Fpages%2F28&dl_page=2\" title=\"2\">&#8201;2&#8201;<\/a><a href=\"\/index.php?rest_route=%2Fwp%2Fv2%2Fpages%2F28&dl_page=3\" title=\"3\">&#8201;3&#8201;<\/a><a href=\"\/index.php?rest_route=%2Fwp%2Fv2%2Fpages%2F28&dl_page=4\" title=\"4\">&#8201;4&#8201;<\/a><a href=\"\/index.php?rest_route=%2Fwp%2Fv2%2Fpages%2F28&dl_page=2\" title=\"&raquo;\">&#8201;&raquo;&#8201;<\/a><\/div>\n\n\n<p><\/p>\n","protected":false},"excerpt":{"rendered":"<p>Vous trouverez ici les comptes-rendus des conseils municipaux ainsi que ceux issus des diverses commissions municipales.<\/p>\n","protected":false},"author":1,"featured_media":0,"parent":10,"menu_order":5,"comment_status":"closed","ping_status":"closed","template":"","meta":{"ngg_post_thumbnail":0},"post_mailing_queue_ids":[],"_links":{"self":[{"href":"http:\/\/www.choye.fr\/index.php?rest_route=\/wp\/v2\/pages\/28"}],"collection":[{"href":"http:\/\/www.choye.fr\/index.php?rest_route=\/wp\/v2\/pages"}],"about":[{"href":"http:\/\/www.choye.fr\/index.php?rest_route=\/wp\/v2\/types\/page"}],"author":[{"embeddable":true,"href":"http:\/\/www.choye.fr\/index.php?rest_route=\/wp\/v2\/users\/1"}],"replies":[{"embeddable":true,"href":"http:\/\/www.choye.fr\/index.php?rest_route=%2Fwp%2Fv2%2Fcomments&post=28"}],"version-history":[{"count":15,"href":"http:\/\/www.choye.fr\/index.php?rest_route=\/wp\/v2\/pages\/28\/revisions"}],"predecessor-version":[{"id":6797,"href":"http:\/\/www.choye.fr\/index.php?rest_route=\/wp\/v2\/pages\/28\/revisions\/6797"}],"up":[{"embeddable":true,"href":"http:\/\/www.choye.fr\/index.php?rest_route=\/wp\/v2\/pages\/10"}],"wp:attachment":[{"href":"http:\/\/www.choye.fr\/index.php?rest_route=%2Fwp%2Fv2%2Fmedia&parent=28"}],"curies":[{"name":"wp","href":"https:\/\/api.w.org\/{rel}","templated":true}]}}