{"id":26,"date":"2008-06-06T14:37:16","date_gmt":"2008-06-06T13:37:16","guid":{"rendered":"http:\/\/tsaillard.free.fr\/wordpress\/?page_id=47"},"modified":"2024-08-17T11:28:09","modified_gmt":"2024-08-17T10:28:09","slug":"les-artisans-commercants","status":"publish","type":"page","link":"http:\/\/www.choye.fr\/?page_id=26","title":{"rendered":"Les artisans\/commer\u00e7ants"},"content":{"rendered":"<h2><span style=\"text-decoration: underline;\">Commerces<\/span><\/h2>\n<h2>Les escargots du moulin<\/h2>\n<h5><strong>Visites, commandes, contact : facebook.com\/lesescargotsdumoulin<\/strong><\/h5>\n<p>&nbsp;<\/p>\n<h2>Boucherie Charcuterie<\/h2>\n<h5><strong>Tous les jeudis de 16h \u00e0 19h, place de la mairie<\/strong><\/h5>\n<h3>&nbsp;<\/h3>\n<h2>Ben Pizza<br \/>\n<span style=\"font-weight: normal;\">camion pizza <\/span><\/h2>\n<p><span style=\"font-weight: normal;\">Le mardi soir une semaine sur deux, sur la place<\/span><\/p>\n<h2><span style=\"text-decoration: underline;\">B\u00e2timent \/ Tous travaux<\/span><\/h2>\n<h3>SARL BATOT<\/h3>\n<p><span style=\"font-weight: normal;\">Couverture, zinguerie, Ma\u00e7onnerie, cloisons<br \/>\nneuf et r\u00e9novation70700 CHOYE<\/span><\/p>\n<p>03 84 32 80 49<br \/>\n06 37 68 41 62<\/p>\n<p>&nbsp;<\/p>\n<h2><span style=\"text-decoration: underline;\">Bois, sylviculture, \u00e9lagage<\/span><\/h2>\n<p><a href=\"http:\/\/www.choye.fr\/wp-content\/uploads\/2009\/04\/elagage1.jpg\"><img decoding=\"async\" loading=\"lazy\" class=\"alignleft size-thumbnail wp-image-741\" title=\"elagage1\" src=\"http:\/\/www.choye.fr\/wp-content\/uploads\/2009\/04\/elagage1-120x90.jpg\" alt=\"\" width=\"120\" height=\"90\"><\/a><\/p>\n<p><strong>EURL SAVET Olivier<\/strong><\/p>\n<p>B\u00fbcheronnage &#8211; Abattage d\u00e9licat &#8211; \u00c9lagage &#8211; Sylviculture &#8211; Sciage de bois de chauffage<br \/>\n7 chemin de la c\u00f4te aux cerisiers<br \/>\n70700 CHOYE<br \/>\nTel \/ Fax : 03-84-32-73-39<br \/>\nPortable : 06-88-09-71-13<\/p>\n<p>&nbsp;<\/p>\n","protected":false},"excerpt":{"rendered":"<p>Commerces Les escargots du moulin Visites, commandes, contact : facebook.com\/lesescargotsdumoulin &nbsp; Boucherie Charcuterie Tous les jeudis de 16h \u00e0 19h, place de la mairie &nbsp; Ben Pizza camion pizza Le mardi soir une semaine sur deux, sur la place B\u00e2timent &hellip; <a href=\"http:\/\/www.choye.fr\/?page_id=26\">Continuer la lecture <span class=\"meta-nav\">&rarr;<\/span><\/a><\/p>\n","protected":false},"author":258,"featured_media":0,"parent":11,"menu_order":0,"comment_status":"closed","ping_status":"closed","template":"","meta":{"ngg_post_thumbnail":0},"post_mailing_queue_ids":[],"_links":{"self":[{"href":"http:\/\/www.choye.fr\/index.php?rest_route=\/wp\/v2\/pages\/26"}],"collection":[{"href":"http:\/\/www.choye.fr\/index.php?rest_route=\/wp\/v2\/pages"}],"about":[{"href":"http:\/\/www.choye.fr\/index.php?rest_route=\/wp\/v2\/types\/page"}],"author":[{"embeddable":true,"href":"http:\/\/www.choye.fr\/index.php?rest_route=\/wp\/v2\/users\/258"}],"replies":[{"embeddable":true,"href":"http:\/\/www.choye.fr\/index.php?rest_route=%2Fwp%2Fv2%2Fcomments&post=26"}],"version-history":[{"count":26,"href":"http:\/\/www.choye.fr\/index.php?rest_route=\/wp\/v2\/pages\/26\/revisions"}],"predecessor-version":[{"id":10104,"href":"http:\/\/www.choye.fr\/index.php?rest_route=\/wp\/v2\/pages\/26\/revisions\/10104"}],"up":[{"embeddable":true,"href":"http:\/\/www.choye.fr\/index.php?rest_route=\/wp\/v2\/pages\/11"}],"wp:attachment":[{"href":"http:\/\/www.choye.fr\/index.php?rest_route=%2Fwp%2Fv2%2Fmedia&parent=26"}],"curies":[{"name":"wp","href":"https:\/\/api.w.org\/{rel}","templated":true}]}}