{"id":25,"date":"2008-06-06T14:35:07","date_gmt":"2008-06-06T13:35:07","guid":{"rendered":"http:\/\/tsaillard.free.fr\/wordpress\/?page_id=46"},"modified":"2019-08-23T09:04:52","modified_gmt":"2019-08-23T08:04:52","slug":"divers","status":"publish","type":"page","link":"http:\/\/www.choye.fr\/?page_id=25","title":{"rendered":"Services"},"content":{"rendered":"<p><strong><span style=\"color: #ff6600;\">La biblioth\u00e8que<br><\/span><\/strong>Romans, documentaires, albums, revues r\u00e9guli\u00e8rement renouvel\u00e9s par la M\u00e9diath\u00e8que D\u00e9partementale de Pr\u00eat de la Haute-Sa\u00f4ne.<\/p>\n<p><strong>Martine Grosjean<\/strong>,<strong> Suzane Haas, <\/strong><strong>Josiane Seguin<\/strong> vous accueillent \u00e0 la biblioth\u00e8que (ancienne poste)&nbsp;les mercredis de 17H \u00e0 18H et les samedis de 11H \u00e0 12H.<\/p>\n<p>L&#8217;emprunt des livres est gratuit&#8230;<\/p>\n\n\n<p><strong>L&rsquo;aire de jeux<br><\/strong>L&rsquo;aire\u00a0de\u00a0jeux\u00a0s&rsquo;est\u00a0agrandie d&rsquo;un terrain multisport en 2019. <br>L&rsquo;\u00e9tang est am\u00e9nag\u00e9 et entretenu pour les promenades et la p\u00eache, g\u00e9r\u00e9 par la <a href=\"http:\/\/www.choye.fr\/?page_id=27\">soci\u00e9t\u00e9 de p\u00eache<\/a>.  <br>Le terrain de  tennis est install\u00e9 depuis 1991, g\u00e9r\u00e9 par le <a href=\"http:\/\/www.choye.fr\/?page_id=27\">club de tennis de Choye.<\/a> <br>L&rsquo;association <a href=\"http:\/\/www.choye.fr\/?page_id=27\">Choye Animation  Sport et Culture<\/a> a permis l\u2019installation des jeux pour enfants.<br>Des installations id\u00e9ales pour  passer de bons moments &#8230;<\/p>\n\n\n\n<figure class=\"wp-block-image is-resized\"><img decoding=\"async\" loading=\"lazy\" src=\"http:\/\/www.choye.fr\/wp-content\/uploads\/2019\/08\/grand-plan-1024x591.png\" alt=\"\" class=\"wp-image-7371\" width=\"500\" height=\"288\" srcset=\"http:\/\/www.choye.fr\/wp-content\/uploads\/2019\/08\/grand-plan-1024x591.png 1024w, http:\/\/www.choye.fr\/wp-content\/uploads\/2019\/08\/grand-plan-300x173.png 300w, http:\/\/www.choye.fr\/wp-content\/uploads\/2019\/08\/grand-plan-768x443.png 768w\" sizes=\"(max-width: 500px) 100vw, 500px\" \/><\/figure>\n\n\n\n<figure class=\"wp-block-image is-resized\"><img decoding=\"async\" loading=\"lazy\" src=\"http:\/\/www.choye.fr\/wp-content\/uploads\/2019\/08\/chateau-1024x661.png\" alt=\"\" class=\"wp-image-7370\" width=\"496\" height=\"320\" srcset=\"http:\/\/www.choye.fr\/wp-content\/uploads\/2019\/08\/chateau-1024x661.png 1024w, http:\/\/www.choye.fr\/wp-content\/uploads\/2019\/08\/chateau-300x194.png 300w, http:\/\/www.choye.fr\/wp-content\/uploads\/2019\/08\/chateau-768x495.png 768w\" sizes=\"(max-width: 496px) 100vw, 496px\" \/><\/figure>\n\n\n\n<figure class=\"wp-block-image is-resized\"><img decoding=\"async\" loading=\"lazy\" src=\"http:\/\/www.choye.fr\/wp-content\/uploads\/2019\/08\/IMG_2423-1024x768.jpg\" alt=\"\" class=\"wp-image-7372\" width=\"494\" height=\"370\" srcset=\"http:\/\/www.choye.fr\/wp-content\/uploads\/2019\/08\/IMG_2423-1024x768.jpg 1024w, http:\/\/www.choye.fr\/wp-content\/uploads\/2019\/08\/IMG_2423-120x90.jpg 120w, http:\/\/www.choye.fr\/wp-content\/uploads\/2019\/08\/IMG_2423-300x225.jpg 300w, http:\/\/www.choye.fr\/wp-content\/uploads\/2019\/08\/IMG_2423-768x576.jpg 768w\" sizes=\"(max-width: 494px) 100vw, 494px\" \/><\/figure>\n\n\n\n<figure class=\"wp-block-image is-resized\"><img decoding=\"async\" loading=\"lazy\" src=\"http:\/\/www.choye.fr\/wp-content\/uploads\/2019\/08\/jeux-1024x622.png\" alt=\"\" class=\"wp-image-7373\" width=\"494\" height=\"300\" srcset=\"http:\/\/www.choye.fr\/wp-content\/uploads\/2019\/08\/jeux-1024x622.png 1024w, http:\/\/www.choye.fr\/wp-content\/uploads\/2019\/08\/jeux-300x182.png 300w, http:\/\/www.choye.fr\/wp-content\/uploads\/2019\/08\/jeux-768x466.png 768w\" sizes=\"(max-width: 494px) 100vw, 494px\" \/><\/figure>\n","protected":false},"excerpt":{"rendered":"<p>La biblioth\u00e8queRomans, documentaires, albums, revues r\u00e9guli\u00e8rement renouvel\u00e9s par la M\u00e9diath\u00e8que D\u00e9partementale de Pr\u00eat de la Haute-Sa\u00f4ne. Martine Grosjean, Suzane Haas, Josiane Seguin vous accueillent \u00e0 la biblioth\u00e8que (ancienne poste)&nbsp;les mercredis de 17H \u00e0 18H et les samedis de 11H \u00e0 &hellip; <a href=\"http:\/\/www.choye.fr\/?page_id=25\">Continuer la lecture <span class=\"meta-nav\">&rarr;<\/span><\/a><\/p>\n","protected":false},"author":1,"featured_media":0,"parent":11,"menu_order":0,"comment_status":"closed","ping_status":"closed","template":"","meta":{"ngg_post_thumbnail":0},"post_mailing_queue_ids":[],"_links":{"self":[{"href":"http:\/\/www.choye.fr\/index.php?rest_route=\/wp\/v2\/pages\/25"}],"collection":[{"href":"http:\/\/www.choye.fr\/index.php?rest_route=\/wp\/v2\/pages"}],"about":[{"href":"http:\/\/www.choye.fr\/index.php?rest_route=\/wp\/v2\/types\/page"}],"author":[{"embeddable":true,"href":"http:\/\/www.choye.fr\/index.php?rest_route=\/wp\/v2\/users\/1"}],"replies":[{"embeddable":true,"href":"http:\/\/www.choye.fr\/index.php?rest_route=%2Fwp%2Fv2%2Fcomments&post=25"}],"version-history":[{"count":10,"href":"http:\/\/www.choye.fr\/index.php?rest_route=\/wp\/v2\/pages\/25\/revisions"}],"predecessor-version":[{"id":7377,"href":"http:\/\/www.choye.fr\/index.php?rest_route=\/wp\/v2\/pages\/25\/revisions\/7377"}],"up":[{"embeddable":true,"href":"http:\/\/www.choye.fr\/index.php?rest_route=\/wp\/v2\/pages\/11"}],"wp:attachment":[{"href":"http:\/\/www.choye.fr\/index.php?rest_route=%2Fwp%2Fv2%2Fmedia&parent=25"}],"curies":[{"name":"wp","href":"https:\/\/api.w.org\/{rel}","templated":true}]}}