{"id":137,"date":"2008-08-21T14:33:20","date_gmt":"2008-08-21T13:33:20","guid":{"rendered":"http:\/\/www.choye.net\/?page_id=137"},"modified":"2019-04-02T14:18:31","modified_gmt":"2019-04-02T13:18:31","slug":"sinformer-actualite","status":"publish","type":"page","link":"http:\/\/www.choye.fr\/?page_id=137","title":{"rendered":"S&rsquo;informer\/actualit\u00e9"},"content":{"rendered":"\n<p><\/p>\n\n\n<p><a href=\"http:\/\/www.choye.fr\/wp-content\/uploads\/2008\/08\/feedjournal.jpg\"><img decoding=\"async\" loading=\"lazy\" class=\"alignleft size-thumbnail wp-image-145\" title=\"feedjournal\" src=\"http:\/\/www.choye.fr\/wp-content\/uploads\/2008\/08\/feedjournal-120x90.jpg\" alt=\"\" width=\"120\" height=\"90\"><\/a>Dans cette rubrique vous acc\u00e8derez \u00e0 une s\u00e9lection de <strong>flux d&rsquo;informations <\/strong>(flux \u00ab\u00a0<span style=\"color: #ff6600;\"><strong>rss<\/strong><\/span>\u00ab\u00a0) en provenance de diverses sources internet. Pour y acc\u00e9der, cliquez sur les sous-rubriques \u00e0 droite de la page.<\/p>\n<p>&nbsp;&nbsp;&nbsp; <span style=\"color: #ff9900;\">&gt;<\/span> <a href=\"http:\/\/www.choye.fr\/?page_id=110\">agenda culturel 70<br><\/a>&nbsp;&nbsp;&nbsp; <span style=\"color: #ff9900;\">&gt;<\/span> <a href=\"http:\/\/www.choye.fr\/?page_id=121\">actualit\u00e9 Est R\u00e9publicain<br><\/a>&nbsp;&nbsp;&nbsp; <span style=\"color: #ff9900;\">&gt;<\/span> <a href=\"http:\/\/www.choye.fr\/?page_id=123\">actu Google Haute-Sa\u00f4ne<br><\/a>&nbsp;&nbsp;&nbsp; <span style=\"color: #ff9900;\">&gt;<\/span> <a href=\"http:\/\/www.choye.fr\/?page_id=125\">actu internationale<\/a><\/p>","protected":false},"excerpt":{"rendered":"<p>Dans cette rubrique vous acc\u00e8derez \u00e0 une s\u00e9lection de flux d&rsquo;informations (flux \u00ab\u00a0rss\u00ab\u00a0) en provenance de diverses sources internet. Pour y acc\u00e9der, cliquez sur les sous-rubriques \u00e0 droite de la page. &nbsp;&nbsp;&nbsp; &gt; agenda culturel 70&nbsp;&nbsp;&nbsp; &gt; actualit\u00e9 Est R\u00e9publicain&nbsp;&nbsp;&nbsp; &hellip; <a href=\"http:\/\/www.choye.fr\/?page_id=137\">Continuer la lecture <span class=\"meta-nav\">&rarr;<\/span><\/a><\/p>\n","protected":false},"author":258,"featured_media":0,"parent":10,"menu_order":8,"comment_status":"closed","ping_status":"closed","template":"","meta":{"ngg_post_thumbnail":0},"post_mailing_queue_ids":[],"_links":{"self":[{"href":"http:\/\/www.choye.fr\/index.php?rest_route=\/wp\/v2\/pages\/137"}],"collection":[{"href":"http:\/\/www.choye.fr\/index.php?rest_route=\/wp\/v2\/pages"}],"about":[{"href":"http:\/\/www.choye.fr\/index.php?rest_route=\/wp\/v2\/types\/page"}],"author":[{"embeddable":true,"href":"http:\/\/www.choye.fr\/index.php?rest_route=\/wp\/v2\/users\/258"}],"replies":[{"embeddable":true,"href":"http:\/\/www.choye.fr\/index.php?rest_route=%2Fwp%2Fv2%2Fcomments&post=137"}],"version-history":[{"count":15,"href":"http:\/\/www.choye.fr\/index.php?rest_route=\/wp\/v2\/pages\/137\/revisions"}],"predecessor-version":[{"id":6693,"href":"http:\/\/www.choye.fr\/index.php?rest_route=\/wp\/v2\/pages\/137\/revisions\/6693"}],"up":[{"embeddable":true,"href":"http:\/\/www.choye.fr\/index.php?rest_route=\/wp\/v2\/pages\/10"}],"wp:attachment":[{"href":"http:\/\/www.choye.fr\/index.php?rest_route=%2Fwp%2Fv2%2Fmedia&parent=137"}],"curies":[{"name":"wp","href":"https:\/\/api.w.org\/{rel}","templated":true}]}}